-4) - (15 + -9 + 2)?
0
Evaluate 5 + -4 + 27 + -44.
-16
What is (4 - 3) + -3 - (13 - (2 - -10))?
-3
Calculate 25 + -51 + (4 - -12) + -14.
-24
What is 26 + -18 + (1 - 3 - -7) + -1?
12
What is (-39 + 5 - -27) + (0 - -1)?
-6
(3 - (-4 - 1)) + -2 - (24 + 1)
-19
What is the value of 418 + -412 - (-2 + 32)?
-24
What is the value of -9 - 6 - (-55 - -46)?
-6
Calculate 0 + -7 - (-2 - 1) - (153 + -166).
9
What is the value of -17 + (10 - (3 - (-26 + 7)))?
-29
What is the value of (-2 - 6) + (-91 - -80)?
-19
-10 - -1 - (-27 - (-49 + 22))
-9
What is the value of 197 - 193 - (-1 + 1 + (5 - 7))?
6
Evaluate -168 - -169 - (-1 + 0).
2
Calculate (4 - (-12 - (-15 + 9))) + -1 + 4.
13
What is (4 - (-6 + (5 - 7))) + 11?
23
Evaluate (8 - 2) + -26 + -13 - -12.
-21
-4 + 0 + (754 - 749)
1
Calculate 11 - 9 - (13 - 1).
-10
What is the value of 7 + -34 + (2 - 0) + -4 + 10?
-19
What is the value of 14 + 4 + -46 + 14?
-14
What is ((-9 - (3 - 9)) + 12 - 4) + -16?
-11
What is (-10 - -54) + -16 - (-1 + 4 + 0)?
25
Evaluate (17 - (3 - 8)) + -16.
6
What is the value of 12 + -34 + 17 - -14?
9
What is the value of -8 + -5 + 6 - (4 + (-10 - -22))?
-23
Evaluate 9 + -2 + -2 + 7 + 3 + -3.
12
(3 - 1) + -1 - (-5 - -4 - 8)
10
Evaluate 16 - 35 - 6 - -22.
-3
What is (-4 + -2 - ((-11 - -10) + -6)) + 5?
6
Evaluate (12 - 8) + -2 + -4 + 12 + 2.
12
-20 - (-8 - -7 - 6)
-13
Calculate -6 + -20 + 84 - 34.
24
What is the value of -1 + 13 + -1 + -4 - (-36 - -27)?
16
(1 - 2) + (-26 - -31) + (7 - 5)
6
What is the value of 2 - 0 - 0 - (13 - -1)?
-12
What is the value of -68 + 65 - (0 - 16) - (2 + 1)?
10
Evaluate -2 + 3 + 2 + 8 + -22 + 13.
2
What is the value of (-20 - (3 - 5)) + (50 - 41)?
-9
Calculate 62 - 51 - (1 - -2) - (2 - -1).
5
Calculate 9 + (-4 - 6) - 7 - -9.
1
(-8 - -4) + 15 + -11
0
What is the value of (4 - 1) + 305 + -309 + 16?
15
What is the value of 34 - (32 - 3) - (4 - -1)?
0
Evaluate 3 - 8 - (7 + -1) - 11.
-22
-1 + -2 + 0 + 0 - (-48 + 46)
-1
-6 - (-7 + (7 - (-22 + 6)))
-22
Evaluate -44 + (4 - -10) + 46.
16
Calculate -23 + (11 - -4) - 0.
-8
What is (29 + -28 - 34) + 18?
-15
What is 7 - ((69 - 54) + 1 + -10)?
1
66 + (-78 - -13) + 25
26
What is the value of 16 - (0 + -2 - (-39 + 18 + 21))?
18
What is the value of -1 + 7 - (-3 + 1 + 10)?
-2
-1 - (-11 + 5 + 15)
-10
Calculate 0 - ((-1 - -10) + (-100 - -81)).
10
Evaluate (-5 - -1) + (9 - 3) + 8.
10
What is -8 - ((-46 - -77) + -5)?
-34
(-10 - -9) + -2 + 2 + -6 + 0
-7
(10 - 23) + (-11 - (-8 - -4) - -7)
-13
Calculate -2 - (-5 + (13 - 5 - -1)) - 5.
-11
409 + -405 + 0 + -6
-2
Evaluate -11 - 13 - (-13 + 1) - -22.
10
What is the value of (1 - ((-1 - -2) + -1)) + -6 + 13?
8
9 - (-3 - -1 - -16)
-5
Calculate -20 + -1 + -19 + 34.
-6
Calculate 1 - (-1 - (7 + 3 + -5 - 10)).
-3
Evaluate -1 + 11 + (-61 - (-68 + 33)).
-16
Calculate -2 + 34 + 51 + -111.
-28
What is the value of (33 - 26) + -14 - (0 + 1 - 15)?
7
Calculate (117 - 148) + -2 + 9.
-24
What is the value of 39 + (-5 - 13) - 23?
-2
18 - (-2 + (8 - -2))
10
Calculate (51 - (51 - 47)) + -10.
37
What is the value of (52 - (23 - -15)) + -6?
8
Evaluate -66 + 3 + 10 + 14 - (-1 + 0).
-38
-14 + 12 + (10 + -6 - (0 + 7))
-5
-1742 + 1732 + (1 + 1 - 25)
-33
What is the value of -35 - ((-48 - -33) + -31)?
11
Evaluate (6 - (-9 + 4)) + 7 - -5.
23
Evaluate -15 - (-1 - (5 + 7 - 5)).
-7
Evaluate 5 + ((8 - 15) + 7 - 3).
2
10 - 4 - (13 - 3) - 9
-13
(-17 - -12) + 9 + -1
3
What is the value of -10 - (22 - (-35 - -15) - 19)?
-33
(2 - (1 + -2 + 12)) + (95 - 91)
-5
Evaluate 20 - (7 - (11 + -4 + -7)) - 4.
9
What is the value of -13 + (-15 - -8) + 27?
7
Evaluate (2 + 10 - (-3 - -1)) + -5.
9
What is the value of 5 + -8 + 7 + -17 + -7?
-20
What is -36 - (-41 - -1 - 6)?
10
(-8 - (-8 - -5) - -5) + -52 + 47
-5
What is 64 - 48 - (0 + 8)?
8
What is the value of 12 + (2 - (-16 - -36))?
-6
What is 2 - (9 + (7 + -7 - (1 + -2)))?
-8
Evaluate -2 - (-5 + -3) - (-6 + -4 + 33).
-17
Evaluate 15 + (7 - (-9 - -19)).
12
What is (-4 - (-4 + 21 - 17)) + 35?
31
What is (-77 + 36 - -32) + 8?
-1
57 - 54 - (-6 - 4)
13
What is (-1 + 5 + -11 - 11) + (2 - -1)?
-15
Calculate -7 + (252 - 257) + 5 + 0.
-7
Calculate (-13 - (19 + -31)) + -1.
-2
What is -8 + (7 - (7 - 18)) - (-2 + -1)?
13
Calculate -1 - -3 - (8 - 21 - (-21 + -2)).
-8
What is the value of -2 + -3 + (-2 - -2) + 20?
15
Calculate -3 - (22 + (-5 - 25)).
5
What is -7 + (-7 - (-56 + 25 - (2 + -7)))?
12
Evaluate (8 - (3 - -2)) + (-12 - -20).
11
0 - (5 + (4 - 9 - -8))
-8
What is 13 + -12 + 15 - 3?
13
Calculate (37 - (-8 + 4)) + -5 + -9.
27
(-43 - (3 + -17)) + -5
-34
(9 - 24) + 8 + 24
17
Calculate 11 + 12 + -3 + -24.
-4
Evaluate 23 + -2 + 11 + -20.
12
44 - 61 - (-5 - ((-9 - 4) + 0))
-25
Calculate 6 - (-6 - -9 - -5).
-2
Evaluate -2 + 10 + -12 - -3 - (-26 - -5).
20
Evaluate (-6 + 6 - -10) + -3.
7
What is the value of (-2 - (-3 - -5) - (-18 + 1)) + -2?
11
(-30 - -30) + (4 + -1 - (2 + 0))
1
What is the value of 1 + (-21 - (-7 - ((-8 - -8) + 0)))?
-13
What is the value of (0 - -2) + (10 - (-2 - -9))?
5
Calculate 196 + -202 - (5 - 0).
-11
What is 2 + 2 + -6 - (115 + -131)?
14
What is -16 - (18 + 6 + (23 - 40))?
-23
What is -6 + (25 - (11 + -6 - (-1 - -1)))?
14
Calculate -6 + 14 + -4 - -3 - 30.
-23
What is 15 + (-16 - -19) + -38 + -7?
-27
-13 + -1 + 2 - (4 + (8 - 16))
-8
Calculate (-2 + 0 - 12) + 1 + -1.
-14
13 + -6 + -7 + 0 - 5
-5
What is 6 + (4 + 0 - (-60 - -66) - 1)?
3
Calculate -27 - (40 + -33) - -36.
2
Evaluate -10 - (15 - (-31 + 25)).
-31
What is -15 + (42 + -48 - (-13 + 1))?
-9
Calculate -23 - 12 - 2 - -30.
-7
Calculate -5 - (2 + -3 + (-4 - 0)).
0
Evaluate -24 - (-3 + (-19 - 13)).
11
1 + -8 + 17 - 5 - -14
19
What is 0 + (4 + 6 + -17 + 6 - -7)?
6
Calculate (-14 - 9) + (-20 - -27).
-16
Evaluate (26 - (-2 - 0)) + -45.
-17
What is the value of 23 + -14 - (-5 - 2) - 6?
10
Calculate -2 + -1 - ((-86 - -74) + 1 + 10).
-2
Evaluate 0 + 28 + -20 + 2.
10
What is 9 + (0 - (0 - -9)) - (-1 + 1)?
0
What is the value of (-22 - -10) + -2 + 5 + 19?
10
Calculate -43 + 21 - (23 + -21 + -4 + 1).
-21
Evaluate 7 + -3 + (-12 - -7) + (4 - -13).
16
Evaluate 10 - (20 - (9 + 8 + -4)).
3
What is the value of 23 + (1 - (-3 + 15))?
12
Evaluate 18 - 15 - (1 + 4).
-2
What is the value of 12 - (12 - (-10 + 12))?
2
2 + 0 + -1 + -12 - (-34 - -30)
-7
What is the value of -1 - (5 + -2 - (-5 + 10))?
1
What is (19 - 12) + -12 + -5?
-10
-3 - (-20 - (-2 + 2 + -5))
12
10 + 7 + -11 + -1 + 2 + -8
-1
Evaluate 71 + -46 + -10 + -1 + -23.
-9
Calculate -3 + (-10 - (-21 - -8)) + 25.
25
Calculate 3 + 8 + 5 + -11.
5
What is (-17 - -8 - -18 - -7) + -8?
8
79 - 49 - (33 + -12)
9
Calculate 13 - (41 + -39 - 4).
15
What is the value of -8 + -7 + (-18 - -17) + 47?
31
What is (19 - (20 + 4)) + 11?
6
0 - (12 - 9) - (31 + -7)
-27
What is -19 + 26 + -30 - -25?
2
-14 + (16 - (13 + -46))
35
Evaluate -9 + (-3 - (-6 - -1)) + -7.
-14
(-15 - -7) + 11 + 0 + 0
3
Evaluate (-3 - -15) + (5 - 13 - 6).
-2
Calculate 3 + (-3 - -13) + (-10 - 2).
1
What is the value of -25 + (1 + -2 - ((4 - -8) + -5))?
-33
-6 - -27 - (15 - (-1 + 8))
13
What is the value of -1 - (27 - 9 - 9 - 3 - 2)?
-5
What is 16 + -28 + 18 - (9 + -16)?
13
What is the value of (-3 - -8) + 2 - 12 - 4?
-9
What is the value of -2 - (31 - 17) - -15?
-1
What is 7 + 24 + (-29 - 2)?
0
Evaluate (-1 + 3 + -3 + -6 - -1) + -3.
-9
Calculate 6 - (-17 - (-8 - 5)).
10
What is -1 - 0 - ((-4 - -12) + -12) - 11?
-8
What is (-4 - -12) + -9 - 5?
-6
(-8 - -2 - 2) + -86 + 96 + -2
0
Calculate -5 - (-8 - (0 - 3)) - (-5 - -14).
-9
What is 1 + -4 + 328 + -332 - 6?
-13
What is the value of 5 - (22 - 21) - -31?
35
0 + 6 + (-6 - -6)
6
What is (-8 - 5 - (-6 + -4 - -6)) + 5?
-4
Calculate -1 + ((7 - (-2 + 11)) + -5 - -4).
-4
Evaluate 9 - 20 - (-9 + 4 - (-7 + 3)).
-10
What is 25 - 38 - ((-13 - -20) + -1 + 5)?
-24
Calculate 113 - 107 - (5 + 0 - 15).
16
Calculate 38 - 103 - -46 - (-12 + 2 + 0).
-9
Calculate 9 - (27 - (72 - 30)).
24
What is the value of -40 - -17 - (-21 + 11 + 16)?
-29
What is the value of -5 - (-4 + 2 - -6) - (-49 - -15)?
25
What is 1 + (15 - -2) - (2 - (-25 - -20))?
11
What is the value of -35 + -6 + 14 + -27 + 30?
-24
What is the value of 474 - 459 - (35 - 0)?
-20
Evaluate 26 + -44 + -5 + -5.
-28
Evaluate 2 + 2 - ((2 - -2) + (-3 - 7)).
10
What is 9 + (-9 + 10 + -19 - -7)?
-2
Calculate (13 - -2 - (6 + -5)) + 2 + 10.
26
What is the valu